- 10, -z - 2*i - i = -7. Let t(h) = -1 + 2*h + 1 - z + h + h**2. What is t(-4)?
3
Let v be 1/(7/(9 - -26)) - (6 + -1). Let i(y) = -21*y - 16. Calculate i(v).
-16
Let x(m) = -m - 14. Let y = 11520 - 11524. What is x(y)?
-10
Let d(a) = a**2 - 6*a - 6. Suppose 34 + 40 = -u + 3*v, -v = -2*u - 158. Let j = u + 89. Let b be j - (2 + 0/1). Calculate d(b).
1
Let i(p) = 10*p**2 - 1. Let f = -866 - -918. Suppose -2*r - 106 = -j, -31 = 5*r - 3*j + 234. Let d = f + r. Determine i(d).
9
Let y(z) = -28*z + 182. Let n(h) = 2*h + 27. Let g(o) = -n(o) + y(o). Calculate g(5).
5
Let z(x) = -2*x - 3. Suppose -4*d + 3*t + 2*t = -20, 0 = d + t - 14. Suppose 0 = 7*l - d - 18. Suppose s - 3*k = 8, -2*s + l*s = -5*k - 28. Calculate z(s).
5
Let u(d) be the first derivative of -32*d - 7/6*d**3 + 3/2*d**2 + 32. Let i(o) be the first derivative of u(o). Give i(3).
-18
Let x = 426 + -428. Let q(k) = 3*k + 7. Let t(v) = 5*v + 9. Let n(s) = x*t(s) + 3*q(s). Determine n(-7).
10
Let p(t) = 4*t - 19. Let f(l) = -3*l + 18. Suppose 302*w - 24 = 308*w. Let b(r) = w*p(r) - 5*f(r). Calculate b(-7).
-7
Let b(q) = 43 - 8 - 9 - 16*q - 17 + 8*q. Calculate b(5).
-31
Let d(v) = -v**2 + 6*v - 1. Let f be (1 + (-16)/(-14))/(16*(-4)/(-448)). Calculate d(f).
-136
Let k(a) be the first derivative of 2*a**3/3 + 3*a**2/2 - 9*a + 710. Determine k(-5).
26
Let t(h) = -111*h - 87. Let w(x) = -53*x - 40. Let b(k) = 6*t(k) - 13*w(k). Calculate b(3).
67
Suppose d - 21*p + 25*p = 8, 5*p = 3*d + 44. Let o(b) = -b**3 - 10*b**2 - 9*b + 19. Give o(d).
-37
Let k(i) be the first derivative of i**6/120 - i**5/10 + 5*i**4/24 - 5*i**3/6 - 3*i**2/2 + 12*i + 20. Let z(q) be the second derivative of k(q). Calculate z(5).
-5
Suppose 0 = -14*o + 69763 + 32941. Let s(m) = -o + 8*m + 7336. What is s(-1)?
-8
Let b = -7 - -13. Let w be 27/b - (-1)/2. Let n(h) = 8 - 27 - 5*h + h**2 + 13. Give n(w).
-6
Let a(u) be the first derivative of u**2/2 - 7*u + 2. Let c(l) = -167*l - 25056. Let y be c(-150). Give a(y).
-13
Let b be (-309)/515*(-75)/1. Suppose 0 = 22*w - 7*w - b. Let y(q) = q. Let t(g) = g**2 - 4*g - 2. Let m(c) = -t(c) - 3*y(c). What is m(w)?
-4
Let b(s) be the third derivative of s**5/20 + 49*s**4/24 + 5*s**3/2 - 116*s**2 + 4*s. Give b(-16).
-1
Let g be (-1640)/(-902) + (-4)/(-22). Let d(x) = x**2 + 3 + 15*x**2 - 3*x**2 + 4*x - 10*x**g. Give d(-4).
35
Suppose g = -l + 592 + 144, 0 = 3*g + l - 2212. Let c be -1 + g/9 + (-6)/2. Let o(u) = -22 + c - u - 42. Determine o(10).
4
Let f be 8/((-40)/(-75))*(-1 - -10). Suppose -142*s = -f*s + 14. Let k(m) = m**3 + m**2 + m - 1. Determine k(s).
-7
Let j(p) = 11*p**2 - 19*p - 16. Let t(x) = -7*x**2 + 13*x + 11. Let k(v) = 5*j(v) + 8*t(v). Suppose 4*f - 45 = -3*o, 2*f + 5*o - 136 + 103 = 0. Give k(f).
8
Suppose 0 = i + 5*u - 1 - 3, 14 = -3*i - 2*u. Let v(n) = -n**2. Let s(f) = 32*f**2 - 1. Let j(x) = i*v(x) - s(x). Calculate j(1).
-25
Let u = -20 + 17. Let v(i) = -i**3 + 58*i**2 + 1 + 59*i**2 + 55*i**2 + 57*i**2 - 3*i - 233*i**2. Calculate v(u).
1
Let m = -2497 - -2500. Let h(y) = -y**3 + 5*y**2 - 8*y + 9. What is h(m)?
3
Let k(t) be the second derivative of -t**4/12 - 3*t**3/2 - 8*t**2 - t + 20. Calculate k(-7).
-2
Let d be 12 + ((-110)/10 - -2). Let i(j) = 17*j - 7. Let g(a) = -a + 1. Let m(p) = 4*g(p) + i(p). Calculate m(d).
36
Let n(o) = -o**3 - 4*o**2 - o. Let z be (12*(-14)/112)/((-2)/4). Let i be (-1)/((-7)/(-2)*z/42). What is n(i)?
4
Let y(o) = -7*o**3 - 67*o**2 - 75*o - 4. Let r(b) = -17*b**3 - 168*b**2 - 187*b - 9. Let i(h) = -5*r(h) + 12*y(h). What is i(-35)?
-3
Let w(s) = 4*s + 3. Let p(b) = -2*b. Let n be p(0). Let r(v) = v - 2 + 5 - 2 + n. Let m(d) = -3*r(d) + w(d). Calculate m(-4).
-4
Let i(v) = -57*v + 570. Let w = 21456 - 21446. Determine i(w).
0
Let a(o) = -92 + 22*o**3 - 17*o**2 + 13*o + 26*o**3 + 26*o**3 + 25*o**3 - 100*o**3. Calculate a(-18).
-2
Let o(s) be the third derivative of -s**5/60 + 5*s**4/24 + s**3/6 - 647*s**2 - 6*s. Determine o(5).
1
Suppose -13*y = 20 - 7. Let d(i) = 15*i**2 - 5*i + 4. Let h(t) = 7*t**2 - 2*t + 2. Let k(u) = -4*d(u) + 9*h(u). Give k(y).
3
Let k be 5*(-6)/45*-3. Let d(h) = -32 - 2*h**2 + 3*h**k + h + 27. Let c be -1 - (7 - 4 - -1). Calculate d(c).
15
Let x(d) = -3*d + 13. Let f be (36/(-198))/((-19)/(-209)). Give x(f).
19
Let y = 15 - 11. Let v(h) = 0 - y - h - 4 + 1. Give v(-5).
-2
Suppose -4*z - 4*v = 132, 5*z + 0*v = 2*v - 179. Let u be 51/(-12) - (z/28 + 2). Let b(j) = j**3 + 4*j**2 - 3*j + 4. Give b(u).
-6
Let q = -44 + 48. Suppose q*d - d + 26 = -l, 2*l = d + 11. Let s(r) = r**3 + 10*r**2 + 10*r + 7. What is s(d)?
-2
Let z = 5 + 22. Let j = z - 56. Let q = -23 - j. Let k(i) = -i**2 + 8*i - 9. Give k(q).
3
Let a(m) be the second derivative of 0 - 36*m + 1/12*m**4 + 1/3*m**3 - 2*m**2. Give a(-5).
11
Let i = 150 + -140. Suppose -i*q + 5*q + 35 = 0. Let j(x) = -x**3 + 6*x**2 + 7*x - 7. Determine j(q).
-7
Let w(g) = 28*g + 590. Let i(o) = 11*o + 197. Let r(k) = 17*i(k) - 6*w(k). Calculate r(10).
-1
Let a(f) = -f**2 + 13*f - 1. Let d be (-168 - -172)*((-14)/(-6) - (-2)/3). What is a(d)?
11
Suppose 0 = 208*y - 206*y. Let c(w) = 11*w + 29. Let x(z) = 16*z + 31. Let g(p) = 3*c(p) - 2*x(p). Give g(y).
25
Let j(u) = -2*u**3 + 6*u**2 + 3*u - 1. Suppose -l = 4*o - 18, -6*l = 3*o - 7*l - 3. Determine j(o).
8
Let h(o) = -5*o + 561 - 559 + 3*o. Let x(k) = -k**2 + 1. Let t(n) = h(n) - 3*x(n). Calculate t(-1).
4
Let j(n) = -7*n**3 - 10*n + 12. Let s(f) = f**3 - f**2 + f - 1. Let w(p) = j(p) + 6*s(p). Suppose 4*m + 14 = v, 35*m + 4*v + 9 = 38*m. Give w(m).
1
Let y(v) = 6*v - 5. Suppose 3 = -3*u - c, -2*c + 791 = 3*u + 803. What is y(u)?
7
Let m(i) = 3*i**2 - i + 1. Suppose 4*r - r + 6 = 3*x, -4*r - x = 23. Let z be (12/10)/(1/r). Let u be (2/(-1))/z + (-10)/(-6). Calculate m(u).
11
Let j = 7 - 5. Let h(w) be the second derivative of w**6/720 - w**4/6 + 4*w**2 + 5*w + 13. Let s(z) be the third derivative of h(z). Calculate s(j).
2
Let a(d) = d - 9. Let t(c) = -65 + 10 + 36 + 7*c. Let m be t(4). What is a(m)?
0
Let d(c) = -c**2 + 15*c - 1. Let q(o) = -3*o**2 + 85*o - 10. Let j(k) = 6*d(k) - q(k). Let m = -36 + 35. What is j(m)?
-4
Let x be 5/3 - 2/3. Let b(k) = 21*k - 1. Let h(r) = -23*r + 1. Let y = -12 - -18. Let f(n) = y*b(n) + 5*h(n). What is f(x)?
10
Let x(r) = -10 + 981097*r - 981079*r + 69 + 122. Give x(-10).
1
Let s(f) be the second derivative of -f**5/20 - 3*f**4/4 + 11*f**3/3 - 11*f**2/2 + 419*f + 1. What is s(-11)?
-11
Let w be (11 - -2) + 50/(-5). Let a(d) be the third derivative of 9*d**2 + 0*d**w + 0*d + 0 + 1/12*d**4. What is a(1)?
2
Let v(o) = -4*o**2 + 2. Let l = -4216 + 4217. Determine v(l).
-2
Suppose -281 + 217 = -2*h. Let x be ((-10)/(-30))/(h/(-6) + 5). Let y(g) = -3*g**3 - 1 + 2*g**3 - g**3 - 2*g. Give y(x).
3
Let s(z) = 5*z - 105. Let y = 9311 + -9292. Determine s(y).
-10
Let l(y) be the first derivative of y**2/2 + 10*y + 506. Determine l(12).
22
Let u(d) = 2 - 3*d**2 + 149*d**3 + 154*d**3 - 305*d**3. Let s = 539 + -537. Calculate u(s).
-26
Let w be (-5)/(360/992) - 7/((-126)/(-4)). Let o(j) = -j**2 - 8*j + 9. Give o(w).
-75
Let c(z) be the second derivative of 31*z**4/4 - 2*z - 528. What is c(-1)?
93
Let t(w) = -3 + 3 + w + 4. Suppose 5*i = 5*s + 187 - 182, 0 = 2*s - 3*i + 9. Determine t(s).
10
Let m(f) = f**3 - 5*f**2 - 61*f + 299. Let h be m(8). Let y(s) = -s**2 + s + 5. Give y(h).
-1
Let a(i) = 3*i - 79. Let m(v) = 10*v**2 - 222*v + 44. Let u be m(22). Calculate a(u).
-79
Let n(i) = -12*i + 59. Let o(p) = p**2 - 290*p + 4129. Let j be o(15). Calculate n(j).
11
Let n(y) = 3131*y**2 - 1047*y**2 + y**3 - 8 - 1042*y**2 - 1053*y**2 + 25*y. What is n(8)?
0
Let q = -137 + 148. Let c(s) = -s + 5 + q - 19. Let f = 0 - 0. What is c(f)?
-3
Let t = 10 - 7. Let m(p) be the third derivative of p**6/720 - p**5/30 - p**4 - p**3/3 + p**2 + 33. Let l(f) be the second derivative of m(f). Calculate l(t).
-1
Let j = 74 - 72. Let d(k) = -836*k + 3 + k**3 + 8 - 12*k**j + 836*k. What is d(12)?
11
Let h(t) = 39*t - t**3 + 7*t**2 + 9 + 4 - 8*t**2 - 81*t + 40*t. Give h(0).
13
Let q(s) = s**3 + 8*s**2 + s + 16. Let l(r) = -r - 6. Let x be l(2). Let f be q(x). Let v(m) = 11 - 6 - f - 8*m - m**2. Give v(-7).
4
Let o be (-49)/(-5) + 2/10. Suppose c + 5 = 2*n, -40 = -3*n - 3*c - o. Let b(i) be the first derivative of i**2 + 5*i - 631. Deter